List the prime factors of s.
2
List the prime factors of 6015/60 - 1/4.
2, 5
Let f(j) be the second derivative of -j**3 - 2*j**2 - 9*j. What are the prime factors of f(-6)?
2
Let t = -49 - -103. Let y = -3 - -6. List the prime factors of (-3)/y + t/3.
17
Let i(f) = 2*f - 1. Let l be i(4). Let v(d) = d - 3. List the prime factors of v(l).
2
Let c(o) = -8 + o**2 - o**3 + 0*o + o + 7*o**2. Let j be c(7). Suppose -3*p + j = p. What are the prime factors of p?
2, 3
Suppose -2*f = 3*x + 2*x - 21, 0 = 2*f - 2*x. Suppose f*o - o - 4 = 0. Suppose -o*g + 40 = 2*l + l, -2*l = -3*g - 18. List the prime factors of l.
2, 3
Let h = -8 + 29. Suppose 0 = -3*s - 5*j + 3 - h, -s + 4*j = -11. List the prime factors of (-1)/(-1) + s + 4.
2
Let s(h) = h - 6. Let p be s(8). Suppose -38 = -2*f + 2*q, q - 53 = -p*f - f. What are the prime factors of f?
2, 3
Suppose -8 = -3*t + 7. Suppose 7*n = 5*n + 14. Suppose -2*r = -4*g, -3*g + t = -n. What are the prime factors of r?
2
Suppose 212 = 4*f - 5*o, -o - 456 = -5*f - 191. List the prime factors of f.
53
Suppose -o = -3*o + 4. Suppose 5*g - 31 = -2*k, -3*k - o*k + 4*g = -61. What are the prime factors of k?
13
Let v be (-14 - 0) + 0/3. Let a be (-4)/v + (-231)/(-49). Suppose -w = 5*u - 3*w - 23, 0 = -5*u - a*w + 30. List the prime factors of u.
5
Let n(h) = -9*h**2 + 4 + h**3 - 8*h + 0*h**3 - 2*h**3. Let o be n(-8). Suppose o*k - 7 = -2*c + 3*k, -c - 9 = 3*k. List the prime factors of c.
2, 3
Suppose -3*l + 3*v = -8 - 10, 0 = -l - 2*v - 6. Suppose 0 = -l*r + 5 + 15. Suppose 0*i + i = -d + r, -2*d = -3*i + 50. List the prime factors of i.
2, 7
Suppose z = 4*k + 63, -2*k + 195 = 5*z + 2*k. List the prime factors of z.
43
Let k(x) = 115*x - 8. What are the prime factors of k(2)?
2, 3, 37
Let t(i) = 6*i**3 - i + 1. Let w(k) = k**3 - 6*k**2 - 7*k + 1. Let h be w(7). Let d be t(h). Suppose 35 = -l + d*l. What are the prime factors of l?
7
Let f be (0 + 12)*1/(-2). List the prime factors of f/(-15) + 465/25.
19
Suppose 0 = 3*d - o - 3*o - 22, 3*d + 14 = -5*o. Suppose -d*l = -3*r + 43, 2*l = r - 0*r - 9. List the prime factors of r.
17
What are the prime factors of 0 + (-543)/(-6) - 1/2?
2, 3, 5
Let w = 1 - -3. Suppose -w*p + 60 = -2*p. What are the prime factors of p?
2, 3, 5
Let c be (2/(-6))/(1/(-15)). Suppose 8 = c*j - 2. What are the prime factors of (j/6)/(5/105)?
7
Let r(m) = m**3 + 6*m**2 - 3*m - 7. Let j be r(-6). Let q = j - -9. List the prime factors of q.
2, 5
Suppose -32 = -5*u + 13. Let s = 22 - u. What are the prime factors of s?
13
Suppose -4*t - 2*k + 74 = 0, -13 - 8 = -t - k. What are the prime factors of t?
2
Let o(x) = -2*x + 30. List the prime factors of o(-6).
2, 3, 7
Let j(p) = -5*p - 1. Let m be j(-1). Suppose m*d - 5*d = -45. What are the prime factors of d?
3, 5
Let l be (-15)/(-13) - 2/13. Suppose l = 2*w - 3. What are the prime factors of w?
2
Let g(c) = -c**3 + 8*c**2 + 10*c - 5. Let t be g(9). List the prime factors of (t/(-5))/(6/(-15)).
2
Let v = 0 - -5. Suppose 160 - 5 = v*f. What are the prime factors of f?
31
Let c(r) = -r**2 + 6*r + 2. Let y(a) = 3*a**2 - 19*a - 6. Let i(x) = 11*c(x) + 4*y(x). What are the prime factors of i(11)?
3
Let t(p) be the third derivative of p**5/60 - p**4/6 + p**3/6 + 2*p**2. Let o be t(6). Let a = o - 6. List the prime factors of a.
7
Suppose 2*k - 338 = -2*w, 3*w - 4*w + 5*k + 139 = 0. List the prime factors of w.
2, 41
Let r(g) = g + 6. Let n be r(-6). Suppose -f = -3 - n. Suppose f*z + 30 = 6*z. List the prime factors of z.
2, 5
Suppose -5*p + v + 95 = -4*v, p = -2*v + 10. List the prime factors of p.
2
Let s be 30/(-7) + (-2)/(-7). Let u be (-4)/(-6)*(-30)/s. Suppose -n - u*p = -3*n - 16, -3*n = -4*p + 10. What are the prime factors of n?
2
Suppose 9 = 2*v + 3. Suppose 10 = 2*z - 0*z - 2*i, -4*i - 2 = 2*z. Suppose 45 = 3*s - z*k, -96 = -5*s - 5*k + v*k. List the prime factors of s.
2, 3
Let c(y) = -y - 5. Let z = -13 + 8. Let p be c(z). What are the prime factors of 10 - -2*(1 - p)?
2, 3
Let m = -22 - -32. Let r be (-4)/(-14) - 19/(-7). Suppose -2*z = r*g - 6*g + m, -1 = -z. List the prime factors of g.
2
Let d = 2 + -2. Suppose d*j = -4*j + 44. What are the prime factors of j?
11
Let b(k) = -4*k**2 - 5*k - 5. Let r be b(-4). Let z = -27 - r. What are the prime factors of z?
2, 11
Let q(j) = j**2 - 5*j - 4. Let t be q(5). Suppose 3*b = 5*g - g + 16, 2*b = -3*g + 22. List the prime factors of b + 1 + (-4 - t).
3
Suppose -2*h + 16 + 14 = 0. Suppose -5 = -2*a + h. Suppose -y - y = -a. List the prime factors of y.
5
Let y(q) = q**3 - 3*q**2 + 2*q. List the prime factors of y(8).
2, 3, 7
Let i(m) be the first derivative of -4*m**2 - 10*m - 6. What are the prime factors of i(-5)?
2, 3, 5
Let p(j) = -4*j**2 + j + 4. Let i be p(-4). Let g be i/(-10) - (-2)/(-5). List the prime factors of g/2*19/3.
19
Let y = -38 + 74. List the prime factors of y.
2, 3
Let s(o) = -2*o - 8. Let m(q) = -q**3 - 9*q**2 + q + 13. Let f be m(-9). Suppose -a + 21 = -f*a. What are the prime factors of s(a)?
2, 3
Let h(s) = -4*s + 7 - 5*s + 10*s. Let m be h(-5). Suppose m*k + 4*w = 24, 5*w + 17 = k + 2*w. What are the prime factors of k?
2, 7
Let l = -8 - -49. List the prime factors of l.
41
List the prime factors of 20*(8 - 0 - -2).
2, 5
Suppose -2*z + 0 = -6. Suppose -17 - z = -5*l. Suppose 5*x + k - 53 = 0, 25 = 3*x - 0*x + l*k. List the prime factors of x.
11
Suppose 4 = -5*s - 1. List the prime factors of 68/(1 + 1) - s.
5, 7
Let v(z) = -3*z**2 - z + 1. Let b(w) = -w + 1. Let u be b(0). Let k be v(u). List the prime factors of 1/(3*k/(-90)).
2, 5
Suppose 0 = -0*i - 5*i + 90. What are the prime factors of i?
2, 3
Let y(r) = r**2 - 7*r + 2. Let h be y(7). Suppose 0*m = m + 2. Let t = h - m. What are the prime factors of t?
2
Suppose 13 - 61 = -2*z. Let q = 155 - 108. Let s = q - z. List the prime factors of s.
23
What are the prime factors of 3*((-1156)/(-12) - 2) - -3?
2, 11, 13
Let m = -11 - -12. Suppose -z = 5*y - m, -7*z + 2*y + 32 = -2*z. List the prime factors of z.
2, 3
Let w(q) = q + 10. Let t be w(0). Let f = t - 1. What are the prime factors of f?
3
Suppose -16 + 1 = -3*l. List the prime factors of (l + -4)/((-2)/(-52)).
2, 13
What are the prime factors of -9 + 286/4 + 1/2?
3, 7
Suppose 0 = -4*a + 12, 74 = -5*y - 2*a - 0*a. Let t = 22 + y. Suppose 47 = 5*q + 4*o - t, -5*q - 2*o + 49 = 0. List the prime factors of q.
3
What are the prime factors of (-6)/(-9) - (-145)/3?
7
Let m = 3 - 1. Let h be (-1)/m + 42/4. Let r = -4 + h. List the prime factors of r.
2, 3
Let d(g) = -5*g - 1. Let k be d(-1). Suppose k*i = i. List the prime factors of 0/(i - 3) + 7.
7
What are the prime factors of ((-4)/(-12) + 0)*-3 - -79?
2, 3, 13
Let j(q) = 5 + 3*q - 5*q + q + 10*q**2 + 5*q**3 - 4*q**3. Let d(l) = 11*l + 1. Let p be d(-1). List the prime factors of j(p).
3, 5
Suppose -4*l = -3*v + 46, 4*l + 10 = 4*v - 38. Let g = l - -10. Suppose -3*d - 15 = g, j + 4*d + 23 = 2*j. List the prime factors of j.
3
Let b(q) = -q**2 + 10*q. Let v be b(10). Suppose 5*d - 4*j - 7 = v, 5*d + 7*j - 25 = 2*j. Suppose d*h - 16 = -4. What are the prime factors of h?
2
Let x(q) = -q**2 - 2*q + 14. What are the prime factors of x(0)?
2, 7
Suppose -3*s + 5*h + 55 = 0, 4*s - 2*h - 45 = -h. Let y = -7 + s. Suppose 2*t = w + 9 + 18, -y*t - 3*w = -54. What are the prime factors of t?
3, 5
Let f(c) = -c + 9. Let n be f(8). List the prime factors of -3 + (14 + n - 0).
2, 3
Suppose 4*b - 3*b - 34 = 5*w, -3*w = -2*b + 54. What are the prime factors of b?
2, 3
Let o be (0 + 2)/(6/(-15)). Let q = o + 8. What are the prime factors of q?
3
Suppose -8*w = -w - 672. List the prime factors of w.
2, 3
Let c(a) = -a**3 - 2*a**2 - 2*a + 1. Let s be c(-2). Suppose 0 = -s*v + 91 + 4. List the prime factors of v.
19
Suppose i + 2*m - 194 - 12 = 0, 4*i - 5*m - 772 = 0. List the prime factors of i.
2, 3, 11
Suppose -11*q - 630 = -20*q. List the prime factors of q.
2, 5, 7
Let z = 27 - -27. List the prime factors of z.
2, 3
Let b(i) = i**3 + 6*i**2 - 8*i - 7. What are the prime factors of b(-5)?
2, 29
Suppose -4*w + 153 = 5*v, -4*v + 52 = -w + 2*w. List the prime factors of w.
2
What are the prime factors of (-368)/(-56) + 3/7?
7
Let s(w) = -6*w + 2. Let k(z) = -6*z + 1. Let j(p) = -3*k(p) + 4*s(p). List the prime factors of j(-4).
29
Let h = -2